{"id":353,"date":"2023-02-24T15:23:06","date_gmt":"2023-02-24T14:23:06","guid":{"rendered":"http:\/\/csdssic.cluster029.hosting.ovh.net\/?page_id=353"},"modified":"2023-03-19T15:00:41","modified_gmt":"2023-03-19T14:00:41","slug":"rekuperacja-i-klimatyzacja","status":"publish","type":"page","link":"https:\/\/iptechinstalacje.pl\/index.php\/uslugi\/rekuperacja-i-klimatyzacja\/","title":{"rendered":"Rekuperacja i klimatyzacja"},"content":{"rendered":"<div  class='avia-slideshow av-41da8h-3c52dfe366d0117bba0237e014516050 avia-slideshow-featured_large av_slideshow avia-fade-slider  avia-builder-el-0  el_before_av_one_full  avia-builder-el-first  av-slideshow-ui av-control-hidden av-no-slider-navigation av-hide-nav-arrows av-slideshow-autoplay av-loop-endless av-loop-manual-endless av-default-height-applied avia-slideshow-1' data-slideshow-options=\"{&quot;animation&quot;:&quot;fade&quot;,&quot;autoplay&quot;:true,&quot;loop_autoplay&quot;:&quot;endless&quot;,&quot;interval&quot;:5,&quot;loop_manual&quot;:&quot;manual-endless&quot;,&quot;autoplay_stopper&quot;:false,&quot;noNavigation&quot;:true,&quot;bg_slider&quot;:false,&quot;keep_padding&quot;:false,&quot;hoverpause&quot;:false,&quot;show_slide_delay&quot;:0}\"  itemprop=\"image\" itemscope=\"itemscope\" itemtype=\"https:\/\/schema.org\/ImageObject\" ><ul class='avia-slideshow-inner ' style='padding-bottom: 42%;'><li  class='avia-slideshow-slide av-41da8h-3c52dfe366d0117bba0237e014516050__0  av-single-slide slide-1 slide-odd'><div data-rel='slideshow-1' class='avia-slide-wrap '   ><img decoding=\"async\" class=\"wp-image-416 avia-img-lazy-loading-not-416\"  src=\"https:\/\/iptechinstalacje.pl\/wp-content\/uploads\/2023\/02\/wentylglowne1-1500x630.jpg\" width=\"1500\" height=\"630\" title='Control Panel Of The Conditioner System' alt=''  itemprop=\"thumbnailUrl\"   \/><\/div><\/li><\/ul><\/div>\n\n<style type=\"text\/css\" data-created_by=\"avia_inline_auto\" id=\"style-css-av-3dyhyh-818ddc62303967d74c168b91a730c637\">\n#top .flex_column.av-3dyhyh-818ddc62303967d74c168b91a730c637{\nmargin-top:0px;\nmargin-bottom:0px;\n}\n.flex_column.av-3dyhyh-818ddc62303967d74c168b91a730c637{\n-webkit-border-radius:0px 0px 0px 0px;\n-moz-border-radius:0px 0px 0px 0px;\nborder-radius:0px 0px 0px 0px;\npadding:0px 0px 0px 0px;\n}\n.responsive #top #wrap_all .flex_column.av-3dyhyh-818ddc62303967d74c168b91a730c637{\nmargin-top:0px;\nmargin-bottom:0px;\n}\n<\/style>\n<div class='flex_column av-3dyhyh-818ddc62303967d74c168b91a730c637 av_one_full  avia-builder-el-1  el_after_av_slideshow  el_before_av_one_half  first flex_column_div av-animated-generic bottom-to-top av-zero-column-padding '     ><p>\n<style type=\"text\/css\" data-created_by=\"avia_inline_auto\" id=\"style-css-av-37htex-e02c0b1bcbc5d1dd296bca40f05a2d9d\">\n#top .av-special-heading.av-37htex-e02c0b1bcbc5d1dd296bca40f05a2d9d{\npadding-bottom:0;\n}\nbody .av-special-heading.av-37htex-e02c0b1bcbc5d1dd296bca40f05a2d9d .av-special-heading-tag .heading-char{\nfont-size:25px;\n}\n.av-special-heading.av-37htex-e02c0b1bcbc5d1dd296bca40f05a2d9d .av-subheading{\nfont-size:15px;\n}\n<\/style>\n<div  class='av-special-heading av-37htex-e02c0b1bcbc5d1dd296bca40f05a2d9d av-special-heading-h2 blockquote modern-quote  avia-builder-el-2  el_before_av_hr  avia-builder-el-first '><h2 class='av-special-heading-tag'  itemprop=\"headline\"  >Rekuperacja i klimatyzacja<\/h2><div class=\"special-heading-border\"><div class=\"special-heading-inner-border\"><\/div><\/div><\/div><br \/>\n\n<style type=\"text\/css\" data-created_by=\"avia_inline_auto\" id=\"style-css-av-30lm89-818b2001ef77d9f385fc031731e23204\">\n#top .hr.av-30lm89-818b2001ef77d9f385fc031731e23204{\nmargin-top:10px;\nmargin-bottom:10px;\n}\n.hr.av-30lm89-818b2001ef77d9f385fc031731e23204 .hr-inner{\nwidth:50px;\nborder-color:#efbb20;\n}\n<\/style>\n<div  class='hr av-30lm89-818b2001ef77d9f385fc031731e23204 hr-custom  avia-builder-el-3  el_after_av_heading  avia-builder-el-last  hr-left hr-icon-no'><span class='hr-inner inner-border-av-border-fat'><span class=\"hr-inner-style\"><\/span><\/span><\/div><\/p><\/div>\n\n<style type=\"text\/css\" data-created_by=\"avia_inline_auto\" id=\"style-css-av-2upd0x-d8cbb1df56417a82e4e9b26f5cdb0c1f\">\n#top .flex_column.av-2upd0x-d8cbb1df56417a82e4e9b26f5cdb0c1f{\nmargin-top:0px;\nmargin-bottom:0px;\n}\n.flex_column.av-2upd0x-d8cbb1df56417a82e4e9b26f5cdb0c1f{\n-webkit-border-radius:0px 0px 0px 0px;\n-moz-border-radius:0px 0px 0px 0px;\nborder-radius:0px 0px 0px 0px;\npadding:0px 0px 0px 0px;\n}\n.responsive #top #wrap_all .flex_column.av-2upd0x-d8cbb1df56417a82e4e9b26f5cdb0c1f{\nmargin-top:0px;\nmargin-bottom:0px;\n}\n<\/style>\n<div class='flex_column av-2upd0x-d8cbb1df56417a82e4e9b26f5cdb0c1f av_one_half  avia-builder-el-4  el_after_av_one_full  el_before_av_one_half  first flex_column_div av-animated-generic bottom-to-top av-zero-column-padding column-top-margin'     ><section  class='av_textblock_section av-2sf2u1-3ed8fa319d16823a7085ce8166ba16a1'  itemscope=\"itemscope\" itemtype=\"https:\/\/schema.org\/CreativeWork\" ><div class='avia_textblock'  itemprop=\"text\" ><p>Je\u015bli chodzi o wygod\u0119 i zdrowie, dobrej jako\u015bci wentylacja jest kluczowa w ka\u017cdym pomieszczeniu. Brak prawid\u0142owej wentylacji w mieszkaniu lub biurze mo\u017ce prowadzi\u0107 do problem\u00f3w z wilgoci\u0105, grzybem i ple\u015bni\u0105, a tak\u017ce zagra\u017ca\u0107 naszemu zdrowiu przez zwi\u0119kszenie poziomu py\u0142\u00f3w i szkodliwych substancji chemicznych. Dlatego te\u017c, coraz wi\u0119cej ludzi zwraca uwag\u0119 na rekuperacj\u0119 i wentylacj\u0119.<\/p>\n<\/div><\/section><\/div>\n\n<style type=\"text\/css\" data-created_by=\"avia_inline_auto\" id=\"style-css-av-2l1h3t-6bd660433f5ffca7d8468fbe7e38e859\">\n#top .flex_column.av-2l1h3t-6bd660433f5ffca7d8468fbe7e38e859{\nmargin-top:0px;\nmargin-bottom:0px;\n}\n.flex_column.av-2l1h3t-6bd660433f5ffca7d8468fbe7e38e859{\n-webkit-border-radius:0px 0px 0px 0px;\n-moz-border-radius:0px 0px 0px 0px;\nborder-radius:0px 0px 0px 0px;\npadding:0px 0px 0px 0px;\n}\n.responsive #top #wrap_all .flex_column.av-2l1h3t-6bd660433f5ffca7d8468fbe7e38e859{\nmargin-top:0px;\nmargin-bottom:0px;\n}\n<\/style>\n<div class='flex_column av-2l1h3t-6bd660433f5ffca7d8468fbe7e38e859 av_one_half  avia-builder-el-6  el_after_av_one_half  el_before_av_one_full  flex_column_div av-animated-generic bottom-to-top av-zero-column-padding column-top-margin'     ><section  class='av_textblock_section av-2cgfc1-452c509a90343a5387bcdc3b380030fa'  itemscope=\"itemscope\" itemtype=\"https:\/\/schema.org\/CreativeWork\" ><div class='avia_textblock'  itemprop=\"text\" ><p>Rekuperacja to innowacyjna metoda wentylacji, kt\u00f3ra polega na odzyskiwaniu ciep\u0142a z powietrza wylotowego i przekazywaniu go do \u015bwie\u017cego nawiewanego powietrza . Dzi\u0119ki temu procesowi, rekuperacja pomaga zaoszcz\u0119dzi\u0107 na kosztach ogrzewania, a tak\u017ce wp\u0142ywa na zmniejszenie emisji gaz\u00f3w cieplarnianych. Ponadto, rekuperacja zapewnia sta\u0142\u0105 cyrkulacj\u0119 powietrza w pomieszczeniach, co przyczynia si\u0119 do poprawy jako\u015bci powietrza i zdrowia u\u017cytkownik\u00f3w.<\/p>\n<\/div><\/section><\/div>\n\n<style type=\"text\/css\" data-created_by=\"avia_inline_auto\" id=\"style-css-av-26z0up-16bb18930fdcf091804709950fac702f\">\n.flex_column.av-26z0up-16bb18930fdcf091804709950fac702f{\n-webkit-border-radius:0px 0px 0px 0px;\n-moz-border-radius:0px 0px 0px 0px;\nborder-radius:0px 0px 0px 0px;\npadding:0px 0px 0px 0px;\n}\n<\/style>\n<div class='flex_column av-26z0up-16bb18930fdcf091804709950fac702f av_one_full  avia-builder-el-8  el_after_av_one_half  el_before_av_one_half  first flex_column_div av-animated-generic bottom-to-top av-zero-column-padding column-top-margin'     ><div  class='togglecontainer av-25aos9-70a5c5ec3bfddbffc3e4d111b7fb083e  avia-builder-el-9  avia-builder-el-no-sibling  toggle_close_all' >\n<section class='av_toggle_section av-6qo75-96b9f99c42801857ed02bdf9c4286127'  itemscope=\"itemscope\" itemtype=\"https:\/\/schema.org\/CreativeWork\" ><div role=\"tablist\" class=\"single_toggle\" data-tags=\"{Wszystko} \"  ><p data-fake-id='#toggle-id-1' class='toggler  activeTitle '  itemprop=\"headline\"  role='tab' tabindex='0' aria-controls='toggle-id-1'>Co to jest rekuperacja?<span class=\"toggle_icon\"><span class=\"vert_icon\"><\/span><span class=\"hor_icon\"><\/span><\/span><\/p><div id='toggle-id-1' class='toggle_wrap  active_tc' style='display:block;' ><div class='toggle_content invers-color '  itemprop=\"text\" ><p>Rekuperacja to proces odzyskiwania ciep\u0142a z powietrza wywiewanego z budynku i wykorzystywania go do ogrzewania \u015bwie\u017co nawiewanego powietrza.<\/p>\n<\/div><\/div><\/div><\/section>\n<\/div><\/div>\n<style type=\"text\/css\" data-created_by=\"avia_inline_auto\" id=\"style-css-av-1duryx-c9cae71935d80549c8506f46f5c2b9de\">\n.flex_column.av-1duryx-c9cae71935d80549c8506f46f5c2b9de{\n-webkit-border-radius:0px 0px 0px 0px;\n-moz-border-radius:0px 0px 0px 0px;\nborder-radius:0px 0px 0px 0px;\npadding:0px 0px 0px 0px;\n}\n<\/style>\n<div class='flex_column av-1duryx-c9cae71935d80549c8506f46f5c2b9de av_one_half  avia-builder-el-10  el_after_av_one_full  el_before_av_one_half  first flex_column_div av-animated-generic bottom-to-top av-zero-column-padding column-top-margin'     ><p>\n<style type=\"text\/css\" data-created_by=\"avia_inline_auto\" id=\"style-css-av-1blsuh-8ed6cb6cdfa1d7cdd98a0a45db234257\">\n#top .av-special-heading.av-1blsuh-8ed6cb6cdfa1d7cdd98a0a45db234257{\npadding-bottom:0;\n}\nbody .av-special-heading.av-1blsuh-8ed6cb6cdfa1d7cdd98a0a45db234257 .av-special-heading-tag .heading-char{\nfont-size:25px;\n}\n.av-special-heading.av-1blsuh-8ed6cb6cdfa1d7cdd98a0a45db234257 .av-subheading{\nfont-size:15px;\n}\n<\/style>\n<div  class='av-special-heading av-1blsuh-8ed6cb6cdfa1d7cdd98a0a45db234257 av-special-heading-h2 blockquote modern-quote  avia-builder-el-11  el_before_av_hr  avia-builder-el-first '><h2 class='av-special-heading-tag'  itemprop=\"headline\"  >Dlaczego my?<\/h2><div class=\"special-heading-border\"><div class=\"special-heading-inner-border\"><\/div><\/div><\/div><br \/>\n\n<style type=\"text\/css\" data-created_by=\"avia_inline_auto\" id=\"style-css-av-122wpl-f68414f12b5281ea11a93ae09a20558d\">\n#top .hr.av-122wpl-f68414f12b5281ea11a93ae09a20558d{\nmargin-top:10px;\nmargin-bottom:10px;\n}\n.hr.av-122wpl-f68414f12b5281ea11a93ae09a20558d .hr-inner{\nwidth:50px;\nborder-color:#efbb20;\n}\n<\/style>\n<div  class='hr av-122wpl-f68414f12b5281ea11a93ae09a20558d hr-custom  avia-builder-el-12  el_after_av_heading  el_before_av_textblock  hr-left hr-icon-no'><span class='hr-inner inner-border-av-border-fat'><span class=\"hr-inner-style\"><\/span><\/span><\/div><br \/>\n<section  class='av_textblock_section av-wvy01-31c11f91961aa8484d931d10cc8be782'  itemscope=\"itemscope\" itemtype=\"https:\/\/schema.org\/CreativeWork\" ><div class='avia_textblock'  itemprop=\"text\" ><p>W naszej firmie specjalizujemy si\u0119 w instalacji i konserwacji system\u00f3w rekuperacji oraz wentylacji dla klient\u00f3w prywatnych i biznesowych. Dzi\u0119ki naszemu do\u015bwiadczeniu oraz wiedzy z zakresu rekuperacji i wentylacji, jeste\u015bmy w stanie zaoferowa\u0107 najlepsze rozwi\u0105zania dla Twoich potrzeb.<br \/>\nOferujemy r\u00f3\u017cne rozwi\u0105zania dla klient\u00f3w, w tym wentylacj\u0119 mechaniczn\u0105, klimatyzacj\u0119, oczyszczanie powietrza i inne. Wszystkie nasze instalacje i urz\u0105dzenia s\u0105 certyfikowane i spe\u0142niaj\u0105 najwy\u017csze standardy jako\u015bci.<\/p>\n<\/div><\/section><\/p><\/div><\/p>\n\n<style type=\"text\/css\" data-created_by=\"avia_inline_auto\" id=\"style-css-av-sb3l5-ff2c8f57d10d9b311845198e8ea77073\">\n.flex_column.av-sb3l5-ff2c8f57d10d9b311845198e8ea77073{\n-webkit-border-radius:0px 0px 0px 0px;\n-moz-border-radius:0px 0px 0px 0px;\nborder-radius:0px 0px 0px 0px;\npadding:0px 0px 0px 0px;\n}\n<\/style>\n<div class='flex_column av-sb3l5-ff2c8f57d10d9b311845198e8ea77073 av_one_half  avia-builder-el-14  el_after_av_one_half  el_before_av_one_full  flex_column_div av-animated-generic bottom-to-top av-zero-column-padding column-top-margin'     ><style type=\"text\/css\" data-created_by=\"avia_inline_auto\" id=\"style-css-av-1z5td-06173e20f7d9f8d7d1cfa350c82508f5\">\n.avia-image-container.av-1z5td-06173e20f7d9f8d7d1cfa350c82508f5 img.avia_image{\nbox-shadow:none;\n}\n.avia-image-container.av-1z5td-06173e20f7d9f8d7d1cfa350c82508f5 .av-image-caption-overlay-center{\ncolor:#ffffff;\n}\n<\/style>\n<div  class='avia-image-container av-1z5td-06173e20f7d9f8d7d1cfa350c82508f5 av-styling-no-styling avia-align-center  avia-builder-el-15  avia-builder-el-no-sibling '   itemprop=\"image\" itemscope=\"itemscope\" itemtype=\"https:\/\/schema.org\/ImageObject\" ><div class=\"avia-image-container-inner\"><div class=\"avia-image-overlay-wrap\"><img decoding=\"async\" class='wp-image-417 avia-img-lazy-loading-not-417 avia_image ' src=\"https:\/\/iptechinstalacje.pl\/wp-content\/uploads\/2023\/02\/wentyl1-300x200.jpg\" alt='' title='Air Recuperator with arrows, filtration and ventilation system'  height=\"200\" width=\"300\"  itemprop=\"thumbnailUrl\" srcset=\"https:\/\/iptechinstalacje.pl\/wp-content\/uploads\/2023\/02\/wentyl1-300x200.jpg 300w, https:\/\/iptechinstalacje.pl\/wp-content\/uploads\/2023\/02\/wentyl1-1030x687.jpg 1030w, https:\/\/iptechinstalacje.pl\/wp-content\/uploads\/2023\/02\/wentyl1-768x512.jpg 768w, https:\/\/iptechinstalacje.pl\/wp-content\/uploads\/2023\/02\/wentyl1-1536x1024.jpg 1536w, https:\/\/iptechinstalacje.pl\/wp-content\/uploads\/2023\/02\/wentyl1-2048x1365.jpg 2048w, https:\/\/iptechinstalacje.pl\/wp-content\/uploads\/2023\/02\/wentyl1-1500x1000.jpg 1500w, https:\/\/iptechinstalacje.pl\/wp-content\/uploads\/2023\/02\/wentyl1-705x470.jpg 705w\" sizes=\"(max-width: 300px) 100vw, 300px\" \/><\/div><\/div><\/div><\/div>\n\n<style type=\"text\/css\" data-created_by=\"avia_inline_auto\" id=\"style-css-av-ecwvt-58c9cbc4659515e95d82edeb4584dec4\">\n.flex_column.av-ecwvt-58c9cbc4659515e95d82edeb4584dec4{\nborder-width:1px;\nborder-color:#e1e1e1;\nborder-style:solid;\n-webkit-border-radius:0px 0px 0px 0px;\n-moz-border-radius:0px 0px 0px 0px;\nborder-radius:0px 0px 0px 0px;\npadding:20px 20px 20px 20px;\nbackground-color:#fcfcfc;\n}\n<\/style>\n<div class='flex_column av-ecwvt-58c9cbc4659515e95d82edeb4584dec4 av_one_full  avia-builder-el-16  el_after_av_one_half  avia-builder-el-last  first flex_column_div av-animated-generic bottom-to-top column-top-margin'     ><section  class='av_textblock_section av-6wsvl-33b0f38b89e9ab678dd0050a987e3f73'  itemscope=\"itemscope\" itemtype=\"https:\/\/schema.org\/CreativeWork\" ><div class='avia_textblock'  itemprop=\"text\" ><p>Je\u015bli szukasz profesjonalnego dostawcy system\u00f3w rekuperacji i wentylacji, zapraszamy do skontaktowania si\u0119 z nami. Nasz zesp\u00f3\u0142 ekspert\u00f3w doradzi Ci, kt\u00f3re rozwi\u0105zania b\u0119d\u0105 najlepsze dla Twojego domu lub biura. Wsp\u00f3\u0142pracuj\u0105c z nami, masz pewno\u015b\u0107, \u017ce Twoje potrzeby b\u0119d\u0105 w pe\u0142ni zaspokojone, a jako\u015b\u0107 powietrza w Twoim otoczeniu zostanie poprawiona.<\/p>\n<\/div><\/section><\/div>\n","protected":false},"excerpt":{"rendered":"","protected":false},"author":2,"featured_media":298,"parent":25,"menu_order":9,"comment_status":"closed","ping_status":"closed","template":"","meta":{"footnotes":""},"class_list":["post-353","page","type-page","status-publish","has-post-thumbnail","hentry"],"yoast_head":"<!-- This site is optimized with the Yoast SEO plugin v20.2.1 - https:\/\/yoast.com\/wordpress\/plugins\/seo\/ -->\n<title>Rekuperacja i klimatyzacja - IPTech<\/title>\n<meta name=\"robots\" content=\"index, follow, max-snippet:-1, max-image-preview:large, max-video-preview:-1\" \/>\n<link rel=\"canonical\" href=\"https:\/\/iptechinstalacje.pl\/index.php\/uslugi\/rekuperacja-i-klimatyzacja\/\" \/>\n<meta property=\"og:locale\" content=\"pl_PL\" \/>\n<meta property=\"og:type\" content=\"article\" \/>\n<meta property=\"og:title\" content=\"Rekuperacja i klimatyzacja - IPTech\" \/>\n<meta property=\"og:url\" content=\"https:\/\/iptechinstalacje.pl\/index.php\/uslugi\/rekuperacja-i-klimatyzacja\/\" \/>\n<meta property=\"og:site_name\" content=\"IPTech\" \/>\n<meta property=\"article:modified_time\" content=\"2023-03-19T14:00:41+00:00\" \/>\n<meta property=\"og:image\" content=\"https:\/\/iptechinstalacje.pl\/wp-content\/uploads\/2023\/02\/iptech_2.png\" \/>\n\t<meta property=\"og:image:width\" content=\"173\" \/>\n\t<meta property=\"og:image:height\" content=\"175\" \/>\n\t<meta property=\"og:image:type\" content=\"image\/png\" \/>\n<meta name=\"twitter:card\" content=\"summary_large_image\" \/>\n<meta name=\"twitter:label1\" content=\"Szacowany czas czytania\" \/>\n\t<meta name=\"twitter:data1\" content=\"6 minut\" \/>\n<script type=\"application\/ld+json\" class=\"yoast-schema-graph\">{\"@context\":\"https:\/\/schema.org\",\"@graph\":[{\"@type\":\"WebPage\",\"@id\":\"https:\/\/iptechinstalacje.pl\/index.php\/uslugi\/rekuperacja-i-klimatyzacja\/\",\"url\":\"https:\/\/iptechinstalacje.pl\/index.php\/uslugi\/rekuperacja-i-klimatyzacja\/\",\"name\":\"Rekuperacja i klimatyzacja - IPTech\",\"isPartOf\":{\"@id\":\"https:\/\/iptechinstalacje.pl\/#website\"},\"datePublished\":\"2023-02-24T14:23:06+00:00\",\"dateModified\":\"2023-03-19T14:00:41+00:00\",\"breadcrumb\":{\"@id\":\"https:\/\/iptechinstalacje.pl\/index.php\/uslugi\/rekuperacja-i-klimatyzacja\/#breadcrumb\"},\"inLanguage\":\"pl-PL\",\"potentialAction\":[{\"@type\":\"ReadAction\",\"target\":[\"https:\/\/iptechinstalacje.pl\/index.php\/uslugi\/rekuperacja-i-klimatyzacja\/\"]}]},{\"@type\":\"BreadcrumbList\",\"@id\":\"https:\/\/iptechinstalacje.pl\/index.php\/uslugi\/rekuperacja-i-klimatyzacja\/#breadcrumb\",\"itemListElement\":[{\"@type\":\"ListItem\",\"position\":1,\"name\":\"Strona g\u0142\u00f3wna\",\"item\":\"https:\/\/iptechinstalacje.pl\/\"},{\"@type\":\"ListItem\",\"position\":2,\"name\":\"Us\u0142ugi\",\"item\":\"https:\/\/iptechinstalacje.pl\/index.php\/uslugi\/\"},{\"@type\":\"ListItem\",\"position\":3,\"name\":\"Rekuperacja i klimatyzacja\"}]},{\"@type\":\"WebSite\",\"@id\":\"https:\/\/iptechinstalacje.pl\/#website\",\"url\":\"https:\/\/iptechinstalacje.pl\/\",\"name\":\"IPTech\",\"description\":\"IPTech Homepage\",\"potentialAction\":[{\"@type\":\"SearchAction\",\"target\":{\"@type\":\"EntryPoint\",\"urlTemplate\":\"https:\/\/iptechinstalacje.pl\/?s={search_term_string}\"},\"query-input\":\"required name=search_term_string\"}],\"inLanguage\":\"pl-PL\"}]}<\/script>\n<!-- \/ Yoast SEO plugin. -->","yoast_head_json":{"title":"Rekuperacja i klimatyzacja - IPTech","robots":{"index":"index","follow":"follow","max-snippet":"max-snippet:-1","max-image-preview":"max-image-preview:large","max-video-preview":"max-video-preview:-1"},"canonical":"https:\/\/iptechinstalacje.pl\/index.php\/uslugi\/rekuperacja-i-klimatyzacja\/","og_locale":"pl_PL","og_type":"article","og_title":"Rekuperacja i klimatyzacja - IPTech","og_url":"https:\/\/iptechinstalacje.pl\/index.php\/uslugi\/rekuperacja-i-klimatyzacja\/","og_site_name":"IPTech","article_modified_time":"2023-03-19T14:00:41+00:00","og_image":[{"width":173,"height":175,"url":"https:\/\/iptechinstalacje.pl\/wp-content\/uploads\/2023\/02\/iptech_2.png","type":"image\/png"}],"twitter_card":"summary_large_image","twitter_misc":{"Szacowany czas czytania":"6 minut"},"schema":{"@context":"https:\/\/schema.org","@graph":[{"@type":"WebPage","@id":"https:\/\/iptechinstalacje.pl\/index.php\/uslugi\/rekuperacja-i-klimatyzacja\/","url":"https:\/\/iptechinstalacje.pl\/index.php\/uslugi\/rekuperacja-i-klimatyzacja\/","name":"Rekuperacja i klimatyzacja - IPTech","isPartOf":{"@id":"https:\/\/iptechinstalacje.pl\/#website"},"datePublished":"2023-02-24T14:23:06+00:00","dateModified":"2023-03-19T14:00:41+00:00","breadcrumb":{"@id":"https:\/\/iptechinstalacje.pl\/index.php\/uslugi\/rekuperacja-i-klimatyzacja\/#breadcrumb"},"inLanguage":"pl-PL","potentialAction":[{"@type":"ReadAction","target":["https:\/\/iptechinstalacje.pl\/index.php\/uslugi\/rekuperacja-i-klimatyzacja\/"]}]},{"@type":"BreadcrumbList","@id":"https:\/\/iptechinstalacje.pl\/index.php\/uslugi\/rekuperacja-i-klimatyzacja\/#breadcrumb","itemListElement":[{"@type":"ListItem","position":1,"name":"Strona g\u0142\u00f3wna","item":"https:\/\/iptechinstalacje.pl\/"},{"@type":"ListItem","position":2,"name":"Us\u0142ugi","item":"https:\/\/iptechinstalacje.pl\/index.php\/uslugi\/"},{"@type":"ListItem","position":3,"name":"Rekuperacja i klimatyzacja"}]},{"@type":"WebSite","@id":"https:\/\/iptechinstalacje.pl\/#website","url":"https:\/\/iptechinstalacje.pl\/","name":"IPTech","description":"IPTech Homepage","potentialAction":[{"@type":"SearchAction","target":{"@type":"EntryPoint","urlTemplate":"https:\/\/iptechinstalacje.pl\/?s={search_term_string}"},"query-input":"required name=search_term_string"}],"inLanguage":"pl-PL"}]}},"_links":{"self":[{"href":"https:\/\/iptechinstalacje.pl\/index.php\/wp-json\/wp\/v2\/pages\/353","targetHints":{"allow":["GET"]}}],"collection":[{"href":"https:\/\/iptechinstalacje.pl\/index.php\/wp-json\/wp\/v2\/pages"}],"about":[{"href":"https:\/\/iptechinstalacje.pl\/index.php\/wp-json\/wp\/v2\/types\/page"}],"author":[{"embeddable":true,"href":"https:\/\/iptechinstalacje.pl\/index.php\/wp-json\/wp\/v2\/users\/2"}],"replies":[{"embeddable":true,"href":"https:\/\/iptechinstalacje.pl\/index.php\/wp-json\/wp\/v2\/comments?post=353"}],"version-history":[{"count":5,"href":"https:\/\/iptechinstalacje.pl\/index.php\/wp-json\/wp\/v2\/pages\/353\/revisions"}],"predecessor-version":[{"id":670,"href":"https:\/\/iptechinstalacje.pl\/index.php\/wp-json\/wp\/v2\/pages\/353\/revisions\/670"}],"up":[{"embeddable":true,"href":"https:\/\/iptechinstalacje.pl\/index.php\/wp-json\/wp\/v2\/pages\/25"}],"wp:featuredmedia":[{"embeddable":true,"href":"https:\/\/iptechinstalacje.pl\/index.php\/wp-json\/wp\/v2\/media\/298"}],"wp:attachment":[{"href":"https:\/\/iptechinstalacje.pl\/index.php\/wp-json\/wp\/v2\/media?parent=353"}],"curies":[{"name":"wp","href":"https:\/\/api.w.org\/{rel}","templated":true}]}}