{"id":142,"date":"2015-10-22T15:32:34","date_gmt":"2015-10-22T13:32:34","guid":{"rendered":"http:\/\/test.kriesi.at\/construction\/?page_id=142"},"modified":"2023-03-19T15:12:57","modified_gmt":"2023-03-19T14:12:57","slug":"kontrola-dostepu","status":"publish","type":"page","link":"https:\/\/iptechinstalacje.pl\/index.php\/uslugi\/kontrola-dostepu\/","title":{"rendered":"Kontrola dost\u0119pu"},"content":{"rendered":"<div  class='avia-slideshow av-32fwtq-b87dc30d74f1481260c666138d945153 avia-slideshow-featured_large av_slideshow avia-fade-slider  avia-builder-el-0  el_before_av_one_full  avia-builder-el-first  av-slideshow-ui av-control-hidden av-no-slider-navigation av-hide-nav-arrows av-slideshow-autoplay av-loop-endless av-loop-manual-endless av-default-height-applied avia-slideshow-1' data-slideshow-options=\"{&quot;animation&quot;:&quot;fade&quot;,&quot;autoplay&quot;:true,&quot;loop_autoplay&quot;:&quot;endless&quot;,&quot;interval&quot;:5,&quot;loop_manual&quot;:&quot;manual-endless&quot;,&quot;autoplay_stopper&quot;:false,&quot;noNavigation&quot;:true,&quot;bg_slider&quot;:false,&quot;keep_padding&quot;:false,&quot;hoverpause&quot;:false,&quot;show_slide_delay&quot;:0}\"  itemprop=\"image\" itemscope=\"itemscope\" itemtype=\"https:\/\/schema.org\/ImageObject\" ><ul class='avia-slideshow-inner ' style='padding-bottom: 42%;'><li  class='avia-slideshow-slide av-32fwtq-b87dc30d74f1481260c666138d945153__0  av-single-slide slide-1 slide-odd'><div data-rel='slideshow-1' class='avia-slide-wrap '   ><img decoding=\"async\" class=\"wp-image-406 avia-img-lazy-loading-not-406\"  src=\"https:\/\/iptechinstalacje.pl\/wp-content\/uploads\/2023\/02\/iStock-1337276147-1500x630.jpg\" width=\"1500\" height=\"630\" title='Attaching card to the electronic reader to access the office or apartment' alt=''  itemprop=\"thumbnailUrl\"   \/><\/div><\/li><\/ul><\/div>\n\n<style type=\"text\/css\" data-created_by=\"avia_inline_auto\" id=\"style-css-av-9emp2-5ad3b6f220afd0594ffa9383a1982dea\">\n#top .flex_column.av-9emp2-5ad3b6f220afd0594ffa9383a1982dea{\nmargin-top:0px;\nmargin-bottom:0px;\n}\n.flex_column.av-9emp2-5ad3b6f220afd0594ffa9383a1982dea{\n-webkit-border-radius:0px 0px 0px 0px;\n-moz-border-radius:0px 0px 0px 0px;\nborder-radius:0px 0px 0px 0px;\npadding:0px 0px 0px 0px;\n}\n.responsive #top #wrap_all .flex_column.av-9emp2-5ad3b6f220afd0594ffa9383a1982dea{\nmargin-top:0px;\nmargin-bottom:0px;\n}\n<\/style>\n<div class='flex_column av-9emp2-5ad3b6f220afd0594ffa9383a1982dea av_one_full  avia-builder-el-1  el_after_av_slideshow  el_before_av_one_half  first flex_column_div av-animated-generic bottom-to-top av-zero-column-padding '     ><p>\n<style type=\"text\/css\" data-created_by=\"avia_inline_auto\" id=\"style-css-av-2h1j12-43ad46e46f3e00b2609d4da5fff5bc64\">\n#top .av-special-heading.av-2h1j12-43ad46e46f3e00b2609d4da5fff5bc64{\npadding-bottom:0;\n}\nbody .av-special-heading.av-2h1j12-43ad46e46f3e00b2609d4da5fff5bc64 .av-special-heading-tag .heading-char{\nfont-size:25px;\n}\n.av-special-heading.av-2h1j12-43ad46e46f3e00b2609d4da5fff5bc64 .av-subheading{\nfont-size:15px;\n}\n<\/style>\n<div  class='av-special-heading av-2h1j12-43ad46e46f3e00b2609d4da5fff5bc64 av-special-heading-h2 blockquote modern-quote  avia-builder-el-2  el_before_av_hr  avia-builder-el-first '><h2 class='av-special-heading-tag'  itemprop=\"headline\"  >Kontrola dost\u0119pu<\/h2><div class=\"special-heading-border\"><div class=\"special-heading-inner-border\"><\/div><\/div><\/div><br \/>\n\n<style type=\"text\/css\" data-created_by=\"avia_inline_auto\" id=\"style-css-av-276ixq-a1020a937a43c3ea6546cc70e8b34cf8\">\n#top .hr.av-276ixq-a1020a937a43c3ea6546cc70e8b34cf8{\nmargin-top:10px;\nmargin-bottom:10px;\n}\n.hr.av-276ixq-a1020a937a43c3ea6546cc70e8b34cf8 .hr-inner{\nwidth:50px;\nborder-color:#efbb20;\n}\n<\/style>\n<div  class='hr av-276ixq-a1020a937a43c3ea6546cc70e8b34cf8 hr-custom  avia-builder-el-3  el_after_av_heading  avia-builder-el-last  hr-left hr-icon-no'><span class='hr-inner inner-border-av-border-fat'><span class=\"hr-inner-style\"><\/span><\/span><\/div><\/p><\/div>\n\n<style type=\"text\/css\" data-created_by=\"avia_inline_auto\" id=\"style-css-av-2039w6-5ea2267e1c9acc016b113a23dd5030d0\">\n#top .flex_column.av-2039w6-5ea2267e1c9acc016b113a23dd5030d0{\nmargin-top:0px;\nmargin-bottom:0px;\n}\n.flex_column.av-2039w6-5ea2267e1c9acc016b113a23dd5030d0{\n-webkit-border-radius:0px 0px 0px 0px;\n-moz-border-radius:0px 0px 0px 0px;\nborder-radius:0px 0px 0px 0px;\npadding:0px 0px 0px 0px;\n}\n.responsive #top #wrap_all .flex_column.av-2039w6-5ea2267e1c9acc016b113a23dd5030d0{\nmargin-top:0px;\nmargin-bottom:0px;\n}\n<\/style>\n<div class='flex_column av-2039w6-5ea2267e1c9acc016b113a23dd5030d0 av_one_half  avia-builder-el-4  el_after_av_one_full  el_before_av_one_half  first flex_column_div av-animated-generic bottom-to-top av-zero-column-padding column-top-margin'     ><section  class='av_textblock_section av-1x98a6-f1c1dcfcf605f3019825ffdee67260d7'  itemscope=\"itemscope\" itemtype=\"https:\/\/schema.org\/CreativeWork\" ><div class='avia_textblock'  itemprop=\"text\" ><p>Kontrola dost\u0119pu to wa\u017cny element zarz\u0105dzania bezpiecze\u0144stwem w wielu firmach i instytucjach. Pozwala ona na ograniczenie dost\u0119pu do okre\u015blonych pomieszcze\u0144 lub stref tylko dla uprawnionych pracownik\u00f3w, co zwi\u0119ksza bezpiecze\u0144stwo i chroni mienie.<br \/>\nW ofercie naszej firmy znajduj\u0105 si\u0119 nowoczesne i zaawansowane systemy kontroli dost\u0119pu, kt\u00f3re zapewniaj\u0105 wysok\u0105 skuteczno\u015b\u0107 i niezawodno\u015b\u0107. Nasze rozwi\u0105zania umo\u017cliwiaj\u0105 precyzyjn\u0105 kontrol\u0119 dost\u0119pu w czasie rzeczywistym, co pozwala na szybk\u0105 reakcj\u0119 na wszelkie nieprawid\u0142owo\u015bci.<\/p>\n<\/div><\/section><\/div>\n\n<style type=\"text\/css\" data-created_by=\"avia_inline_auto\" id=\"style-css-av-1ougla-15612561796d2e2ea5a85468a9b38321\">\n#top .flex_column.av-1ougla-15612561796d2e2ea5a85468a9b38321{\nmargin-top:0px;\nmargin-bottom:0px;\n}\n.flex_column.av-1ougla-15612561796d2e2ea5a85468a9b38321{\n-webkit-border-radius:0px 0px 0px 0px;\n-moz-border-radius:0px 0px 0px 0px;\nborder-radius:0px 0px 0px 0px;\npadding:0px 0px 0px 0px;\n}\n.responsive #top #wrap_all .flex_column.av-1ougla-15612561796d2e2ea5a85468a9b38321{\nmargin-top:0px;\nmargin-bottom:0px;\n}\n<\/style>\n<div class='flex_column av-1ougla-15612561796d2e2ea5a85468a9b38321 av_one_half  avia-builder-el-6  el_after_av_one_half  el_before_av_one_full  flex_column_div av-animated-generic bottom-to-top av-zero-column-padding column-top-margin'     ><section  class='av_textblock_section av-1mulee-a771a56120372ec5f73bb930e1cae35c'  itemscope=\"itemscope\" itemtype=\"https:\/\/schema.org\/CreativeWork\" ><div class='avia_textblock'  itemprop=\"text\" ><p>Posiadamy szerok\u0105 gam\u0119 urz\u0105dze\u0144, kt\u00f3re pozwalaj\u0105 na kontrol\u0119 dost\u0119pu, takich jak karty zbli\u017ceniowe, czytniki linii papilarnych, klucze szyfrowe oraz wiele innych. Nasze systemy s\u0105 \u0142atwe w obs\u0142udze i konfiguracji, dzi\u0119ki czemu mo\u017cna je dostosowa\u0107 do indywidualnych potrzeb i wymaga\u0144 klient\u00f3w.<br \/>\nW naszej ofercie znajduj\u0105 si\u0119 r\u00f3wnie\u017c systemy rejestracji czasu pracy, kt\u00f3re umo\u017cliwiaj\u0105 \u0142atwe zarz\u0105dzanie czasem pracy pracownik\u00f3w oraz kontrol\u0119 nad obecno\u015bciami. Dzi\u0119ki temu mo\u017cna skutecznie zarz\u0105dza\u0107 zasobami ludzkimi i zoptymalizowa\u0107 procesy w firmie.<\/p>\n<\/div><\/section><\/div>\n\n<style type=\"text\/css\" data-created_by=\"avia_inline_auto\" id=\"style-css-av-5179a-4c5f0a34c5e5ef69772b401e7d56934c\">\n.flex_column.av-5179a-4c5f0a34c5e5ef69772b401e7d56934c{\nborder-width:1px;\nborder-color:#e1e1e1;\nborder-style:solid;\n-webkit-border-radius:0px 0px 0px 0px;\n-moz-border-radius:0px 0px 0px 0px;\nborder-radius:0px 0px 0px 0px;\npadding:20px 20px 20px 20px;\nbackground-color:#fcfcfc;\n}\n<\/style>\n<div class='flex_column av-5179a-4c5f0a34c5e5ef69772b401e7d56934c av_one_full  avia-builder-el-8  el_after_av_one_half  el_before_av_one_half  first flex_column_div av-animated-generic bottom-to-top column-top-margin'     ><section  class='av_textblock_section av-19sbm6-b342d6a945776c279ae8b54f8de94cb0'  itemscope=\"itemscope\" itemtype=\"https:\/\/schema.org\/CreativeWork\" ><div class='avia_textblock'  itemprop=\"text\" ><p>Zapewniamy r\u00f3wnie\u017c kompleksow\u0105 obs\u0142ug\u0119 i wsparcie techniczne, co pozwala na bezproblemowe u\u017cytkowanie naszych urz\u0105dze\u0144 przez d\u0142ugi czas. Oferujemy konkurencyjne ceny oraz wysok\u0105 jako\u015b\u0107 naszych produkt\u00f3w.<br \/>\nZapraszamy do zapoznania si\u0119 z nasz\u0105 ofert\u0105 i skorzystania z naszych us\u0142ug. Gwarantujemy pe\u0142ne zadowolenie z zakupionych produkt\u00f3w oraz wysok\u0105 jako\u015b\u0107 \u015bwiadczonych przez nas us\u0142ug.<\/p>\n<\/div><\/section><\/div>\n\n<style type=\"text\/css\" data-created_by=\"avia_inline_auto\" id=\"style-css-av-13bt8u-01c088780dad720d2936a71f5e7786af\">\n.flex_column.av-13bt8u-01c088780dad720d2936a71f5e7786af{\n-webkit-border-radius:0px 0px 0px 0px;\n-moz-border-radius:0px 0px 0px 0px;\nborder-radius:0px 0px 0px 0px;\npadding:0px 0px 0px 0px;\n}\n<\/style>\n<div class='flex_column av-13bt8u-01c088780dad720d2936a71f5e7786af av_one_half  avia-builder-el-10  el_after_av_one_full  el_before_av_one_half  first flex_column_div av-animated-generic bottom-to-top av-zero-column-padding column-top-margin'     ><p>\n<style type=\"text\/css\" data-created_by=\"avia_inline_auto\" id=\"style-css-av-z2ml2-9df75120be3b0657ea2bcc3fd2a1c147\">\n#top .av-special-heading.av-z2ml2-9df75120be3b0657ea2bcc3fd2a1c147{\npadding-bottom:0;\n}\nbody .av-special-heading.av-z2ml2-9df75120be3b0657ea2bcc3fd2a1c147 .av-special-heading-tag .heading-char{\nfont-size:25px;\n}\n.av-special-heading.av-z2ml2-9df75120be3b0657ea2bcc3fd2a1c147 .av-subheading{\nfont-size:15px;\n}\n<\/style>\n<div  class='av-special-heading av-z2ml2-9df75120be3b0657ea2bcc3fd2a1c147 av-special-heading-h2 blockquote modern-quote  avia-builder-el-11  el_before_av_hr  avia-builder-el-first '><h2 class='av-special-heading-tag'  itemprop=\"headline\"  >Jakich czytnik\u00f3w mo\u017cna u\u017cywa\u0107 do kotroli dost\u0119pu?<\/h2><div class=\"special-heading-border\"><div class=\"special-heading-inner-border\"><\/div><\/div><\/div><br \/>\n\n<style type=\"text\/css\" data-created_by=\"avia_inline_auto\" id=\"style-css-av-pg9g6-dc29b71568df15f65853815e63029cd2\">\n#top .hr.av-pg9g6-dc29b71568df15f65853815e63029cd2{\nmargin-top:10px;\nmargin-bottom:10px;\n}\n.hr.av-pg9g6-dc29b71568df15f65853815e63029cd2 .hr-inner{\nwidth:50px;\nborder-color:#efbb20;\n}\n<\/style>\n<div  class='hr av-pg9g6-dc29b71568df15f65853815e63029cd2 hr-custom  avia-builder-el-12  el_after_av_heading  el_before_av_textblock  hr-left hr-icon-no'><span class='hr-inner inner-border-av-border-fat'><span class=\"hr-inner-style\"><\/span><\/span><\/div><br \/>\n<section  class='av_textblock_section av-jmdw6-b4e5d492734fc5098dda322cdb7d6029'  itemscope=\"itemscope\" itemtype=\"https:\/\/schema.org\/CreativeWork\" ><div class='avia_textblock'  itemprop=\"text\" ><ol>\n<li>Czytniki kart magnetycznych &#8211; umo\u017cliwiaj\u0105 odczytanie informacji z magnetycznej ta\u015bmy na karcie i zweryfikowanie uprawnie\u0144 dost\u0119pu.<\/li>\n<li>Czytniki zbli\u017ceniowe &#8211; wykorzystuj\u0105 technologi\u0119 RFID i pozwalaj\u0105 na odczytanie kodu umieszczonego w karcie lub breloczku zbli\u017ceniowym.<\/li>\n<li>Czytniki biometryczne &#8211; wykorzystuj\u0105 dane biometryczne, takie jak odciski palc\u00f3w, skan twarzy lub siatk\u00f3wki oka, aby zweryfikowa\u0107 to\u017csamo\u015b\u0107 osoby.<\/li>\n<li>Czytniki kod\u00f3w kreskowych &#8211; umo\u017cliwiaj\u0105 odczytanie kodu kreskowego z identyfikatora, kt\u00f3ry mo\u017ce by\u0107 przypisany do danego u\u017cytkownika.<\/li>\n<li>Czytniki kod\u00f3w PIN &#8211; wymagaj\u0105 wprowadzenia poprawnego kodu PIN przez u\u017cytkownika w celu potwierdzenia jego to\u017csamo\u015bci i uzyskania dost\u0119pu.<\/li>\n<\/ol>\n<\/div><\/section><\/p><\/div>\n<style type=\"text\/css\" data-created_by=\"avia_inline_auto\" id=\"style-css-av-fdabi-55d9ade521091076589c17019e4366fa\">\n.flex_column.av-fdabi-55d9ade521091076589c17019e4366fa{\n-webkit-border-radius:0px 0px 0px 0px;\n-moz-border-radius:0px 0px 0px 0px;\nborder-radius:0px 0px 0px 0px;\npadding:0px 0px 0px 0px;\n}\n<\/style>\n<div class='flex_column av-fdabi-55d9ade521091076589c17019e4366fa av_one_half  avia-builder-el-14  el_after_av_one_half  avia-builder-el-last  flex_column_div av-animated-generic bottom-to-top av-zero-column-padding column-top-margin'     ><style type=\"text\/css\" data-created_by=\"avia_inline_auto\" id=\"style-css-av-6ju2u-1495de5cc2a1bde8305492bd24c2b99b\">\n.avia-image-container.av-6ju2u-1495de5cc2a1bde8305492bd24c2b99b img.avia_image{\nbox-shadow:none;\n}\n.avia-image-container.av-6ju2u-1495de5cc2a1bde8305492bd24c2b99b .av-image-caption-overlay-center{\ncolor:#ffffff;\n}\n<\/style>\n<div  class='avia-image-container av-6ju2u-1495de5cc2a1bde8305492bd24c2b99b av-styling-no-styling avia-align-center  avia-builder-el-15  avia-builder-el-no-sibling '   itemprop=\"image\" itemscope=\"itemscope\" itemtype=\"https:\/\/schema.org\/ImageObject\" ><div class=\"avia-image-container-inner\"><div class=\"avia-image-overlay-wrap\"><img decoding=\"async\" class='wp-image-406 avia-img-lazy-loading-not-406 avia_image ' src=\"https:\/\/iptechinstalacje.pl\/wp-content\/uploads\/2023\/02\/iStock-1337276147-200x300.jpg\" alt='' title='Attaching card to the electronic reader to access the office or apartment'  height=\"300\" width=\"200\"  itemprop=\"thumbnailUrl\" srcset=\"https:\/\/iptechinstalacje.pl\/wp-content\/uploads\/2023\/02\/iStock-1337276147-200x300.jpg 200w, https:\/\/iptechinstalacje.pl\/wp-content\/uploads\/2023\/02\/iStock-1337276147-687x1030.jpg 687w, https:\/\/iptechinstalacje.pl\/wp-content\/uploads\/2023\/02\/iStock-1337276147-768x1152.jpg 768w, https:\/\/iptechinstalacje.pl\/wp-content\/uploads\/2023\/02\/iStock-1337276147-1024x1536.jpg 1024w, https:\/\/iptechinstalacje.pl\/wp-content\/uploads\/2023\/02\/iStock-1337276147-1366x2048.jpg 1366w, https:\/\/iptechinstalacje.pl\/wp-content\/uploads\/2023\/02\/iStock-1337276147-1000x1500.jpg 1000w, https:\/\/iptechinstalacje.pl\/wp-content\/uploads\/2023\/02\/iStock-1337276147-470x705.jpg 470w, https:\/\/iptechinstalacje.pl\/wp-content\/uploads\/2023\/02\/iStock-1337276147-scaled.jpg 1707w\" sizes=\"(max-width: 200px) 100vw, 200px\" \/><\/div><\/div><\/div><\/div><\/p>\n","protected":false},"excerpt":{"rendered":"","protected":false},"author":2,"featured_media":298,"parent":25,"menu_order":5,"comment_status":"closed","ping_status":"closed","template":"","meta":{"footnotes":""},"class_list":["post-142","page","type-page","status-publish","has-post-thumbnail","hentry"],"yoast_head":"<!-- This site is optimized with the Yoast SEO plugin v20.2.1 - https:\/\/yoast.com\/wordpress\/plugins\/seo\/ -->\n<title>Kontrola dost\u0119pu - IPTech<\/title>\n<meta name=\"robots\" content=\"index, follow, max-snippet:-1, max-image-preview:large, max-video-preview:-1\" \/>\n<link rel=\"canonical\" href=\"https:\/\/iptechinstalacje.pl\/index.php\/uslugi\/kontrola-dostepu\/\" \/>\n<meta property=\"og:locale\" content=\"pl_PL\" \/>\n<meta property=\"og:type\" content=\"article\" \/>\n<meta property=\"og:title\" content=\"Kontrola dost\u0119pu - IPTech\" \/>\n<meta property=\"og:url\" content=\"https:\/\/iptechinstalacje.pl\/index.php\/uslugi\/kontrola-dostepu\/\" \/>\n<meta property=\"og:site_name\" content=\"IPTech\" \/>\n<meta property=\"article:modified_time\" content=\"2023-03-19T14:12:57+00:00\" \/>\n<meta property=\"og:image\" content=\"https:\/\/iptechinstalacje.pl\/wp-content\/uploads\/2023\/02\/iptech_2.png\" \/>\n\t<meta property=\"og:image:width\" content=\"173\" \/>\n\t<meta property=\"og:image:height\" content=\"175\" \/>\n\t<meta property=\"og:image:type\" content=\"image\/png\" \/>\n<meta name=\"twitter:card\" content=\"summary_large_image\" \/>\n<meta name=\"twitter:label1\" content=\"Szacowany czas czytania\" \/>\n\t<meta name=\"twitter:data1\" content=\"5 minut\" \/>\n<script type=\"application\/ld+json\" class=\"yoast-schema-graph\">{\"@context\":\"https:\/\/schema.org\",\"@graph\":[{\"@type\":\"WebPage\",\"@id\":\"https:\/\/iptechinstalacje.pl\/index.php\/uslugi\/kontrola-dostepu\/\",\"url\":\"https:\/\/iptechinstalacje.pl\/index.php\/uslugi\/kontrola-dostepu\/\",\"name\":\"Kontrola dost\u0119pu - IPTech\",\"isPartOf\":{\"@id\":\"https:\/\/iptechinstalacje.pl\/#website\"},\"datePublished\":\"2015-10-22T13:32:34+00:00\",\"dateModified\":\"2023-03-19T14:12:57+00:00\",\"breadcrumb\":{\"@id\":\"https:\/\/iptechinstalacje.pl\/index.php\/uslugi\/kontrola-dostepu\/#breadcrumb\"},\"inLanguage\":\"pl-PL\",\"potentialAction\":[{\"@type\":\"ReadAction\",\"target\":[\"https:\/\/iptechinstalacje.pl\/index.php\/uslugi\/kontrola-dostepu\/\"]}]},{\"@type\":\"BreadcrumbList\",\"@id\":\"https:\/\/iptechinstalacje.pl\/index.php\/uslugi\/kontrola-dostepu\/#breadcrumb\",\"itemListElement\":[{\"@type\":\"ListItem\",\"position\":1,\"name\":\"Strona g\u0142\u00f3wna\",\"item\":\"https:\/\/iptechinstalacje.pl\/\"},{\"@type\":\"ListItem\",\"position\":2,\"name\":\"Us\u0142ugi\",\"item\":\"https:\/\/iptechinstalacje.pl\/index.php\/uslugi\/\"},{\"@type\":\"ListItem\",\"position\":3,\"name\":\"Kontrola dost\u0119pu\"}]},{\"@type\":\"WebSite\",\"@id\":\"https:\/\/iptechinstalacje.pl\/#website\",\"url\":\"https:\/\/iptechinstalacje.pl\/\",\"name\":\"IPTech\",\"description\":\"IPTech Homepage\",\"potentialAction\":[{\"@type\":\"SearchAction\",\"target\":{\"@type\":\"EntryPoint\",\"urlTemplate\":\"https:\/\/iptechinstalacje.pl\/?s={search_term_string}\"},\"query-input\":\"required name=search_term_string\"}],\"inLanguage\":\"pl-PL\"}]}<\/script>\n<!-- \/ Yoast SEO plugin. -->","yoast_head_json":{"title":"Kontrola dost\u0119pu - IPTech","robots":{"index":"index","follow":"follow","max-snippet":"max-snippet:-1","max-image-preview":"max-image-preview:large","max-video-preview":"max-video-preview:-1"},"canonical":"https:\/\/iptechinstalacje.pl\/index.php\/uslugi\/kontrola-dostepu\/","og_locale":"pl_PL","og_type":"article","og_title":"Kontrola dost\u0119pu - IPTech","og_url":"https:\/\/iptechinstalacje.pl\/index.php\/uslugi\/kontrola-dostepu\/","og_site_name":"IPTech","article_modified_time":"2023-03-19T14:12:57+00:00","og_image":[{"width":173,"height":175,"url":"https:\/\/iptechinstalacje.pl\/wp-content\/uploads\/2023\/02\/iptech_2.png","type":"image\/png"}],"twitter_card":"summary_large_image","twitter_misc":{"Szacowany czas czytania":"5 minut"},"schema":{"@context":"https:\/\/schema.org","@graph":[{"@type":"WebPage","@id":"https:\/\/iptechinstalacje.pl\/index.php\/uslugi\/kontrola-dostepu\/","url":"https:\/\/iptechinstalacje.pl\/index.php\/uslugi\/kontrola-dostepu\/","name":"Kontrola dost\u0119pu - IPTech","isPartOf":{"@id":"https:\/\/iptechinstalacje.pl\/#website"},"datePublished":"2015-10-22T13:32:34+00:00","dateModified":"2023-03-19T14:12:57+00:00","breadcrumb":{"@id":"https:\/\/iptechinstalacje.pl\/index.php\/uslugi\/kontrola-dostepu\/#breadcrumb"},"inLanguage":"pl-PL","potentialAction":[{"@type":"ReadAction","target":["https:\/\/iptechinstalacje.pl\/index.php\/uslugi\/kontrola-dostepu\/"]}]},{"@type":"BreadcrumbList","@id":"https:\/\/iptechinstalacje.pl\/index.php\/uslugi\/kontrola-dostepu\/#breadcrumb","itemListElement":[{"@type":"ListItem","position":1,"name":"Strona g\u0142\u00f3wna","item":"https:\/\/iptechinstalacje.pl\/"},{"@type":"ListItem","position":2,"name":"Us\u0142ugi","item":"https:\/\/iptechinstalacje.pl\/index.php\/uslugi\/"},{"@type":"ListItem","position":3,"name":"Kontrola dost\u0119pu"}]},{"@type":"WebSite","@id":"https:\/\/iptechinstalacje.pl\/#website","url":"https:\/\/iptechinstalacje.pl\/","name":"IPTech","description":"IPTech Homepage","potentialAction":[{"@type":"SearchAction","target":{"@type":"EntryPoint","urlTemplate":"https:\/\/iptechinstalacje.pl\/?s={search_term_string}"},"query-input":"required name=search_term_string"}],"inLanguage":"pl-PL"}]}},"_links":{"self":[{"href":"https:\/\/iptechinstalacje.pl\/index.php\/wp-json\/wp\/v2\/pages\/142","targetHints":{"allow":["GET"]}}],"collection":[{"href":"https:\/\/iptechinstalacje.pl\/index.php\/wp-json\/wp\/v2\/pages"}],"about":[{"href":"https:\/\/iptechinstalacje.pl\/index.php\/wp-json\/wp\/v2\/types\/page"}],"author":[{"embeddable":true,"href":"https:\/\/iptechinstalacje.pl\/index.php\/wp-json\/wp\/v2\/users\/2"}],"replies":[{"embeddable":true,"href":"https:\/\/iptechinstalacje.pl\/index.php\/wp-json\/wp\/v2\/comments?post=142"}],"version-history":[{"count":6,"href":"https:\/\/iptechinstalacje.pl\/index.php\/wp-json\/wp\/v2\/pages\/142\/revisions"}],"predecessor-version":[{"id":673,"href":"https:\/\/iptechinstalacje.pl\/index.php\/wp-json\/wp\/v2\/pages\/142\/revisions\/673"}],"up":[{"embeddable":true,"href":"https:\/\/iptechinstalacje.pl\/index.php\/wp-json\/wp\/v2\/pages\/25"}],"wp:featuredmedia":[{"embeddable":true,"href":"https:\/\/iptechinstalacje.pl\/index.php\/wp-json\/wp\/v2\/media\/298"}],"wp:attachment":[{"href":"https:\/\/iptechinstalacje.pl\/index.php\/wp-json\/wp\/v2\/media?parent=142"}],"curies":[{"name":"wp","href":"https:\/\/api.w.org\/{rel}","templated":true}]}}